= 89 + h. Is p a composite number?
False
Suppose 0 = 4*z - 4 - 4. Is ((-1)/2)/(z/(-100)) prime?
False
Suppose 0 = 3*g - g - 374. Is g composite?
True
Let k = 42 - -25. Is k composite?
False
Let l = 206 - 27. Is l composite?
False
Is (-1 + 0)/((-5868)/(-1174) - 5) prime?
True
Suppose b = -b + 6. Let u be -1 + 2 + (-1 - -2). Suppose h + l - 16 = 0, 15 = u*h - b*l - 12. Is h prime?
False
Is (-3504)/32*-1*2 a composite number?
True
Suppose -5*n + 0*n = -11855. Is n prime?
True
Let t be ((-16)/20)/(2/(-635)). Suppose 6*p = 4*p + t. Is p a composite number?
False
Suppose 3*x - 5*c - 16 = 0, c = 6*c - 5. Is x a composite number?
False
Let a(o) = 1 + 3 + o**2 - 7*o + o**2 - 3*o**2. Is a(-5) a composite number?
True
Let w = 16 - 11. Suppose 2*n - 34 = v - 2*v, -3*n = -w*v + 118. Is v prime?
False
Suppose 0 = -o + 3*o - 6. Suppose 0 = -2*y + 5*p - 4, -3*y + 11 + 4 = o*p. Suppose -37 = -y*v + 122. Is v composite?
False
Suppose 0 = 6*g - 2*g - 104. Suppose 4*n - 3*n = g. Is n prime?
False
Let t = 1 + -1. Suppose -x + 2*x = t. Suppose x = 5*k + 5*d - 210, 5*k - 319 = -2*d - 94. Is k a prime number?
True
Suppose 5*d - 12 = l, 3*l = -0*d - 3*d. Suppose 4*g + d*w + 16 = 0, 4*g - 4*w + 5*w = -20. Let n(x) = -11*x - 1. Is n(g) a prime number?
False
Let q = 3866 + -1663. Is q prime?
True
Let f(v) = -129*v + 1. Let i be f(-1). Suppose 122 = 4*t - i. Let z = t + -32. Is z composite?
False
Suppose -4*r + 105 = -r - u, -3*r + 105 = 4*u. Let t = 17 + r. Suppose -t = m - 5*m. Is m prime?
True
Let w = 3 + 34. Is w prime?
True
Let o = 80 - 31. Is o composite?
True
Let w be (-1)/(-3)*(15 + -3). Suppose -w*d + 2*d - 6 = 0. Is 22 - (-2 + 2)/d composite?
True
Suppose 3*s - i - 2 = -13, 0 = 4*s - 3*i + 18. Let u be (9/2)/s*-2. Is (1/u)/((-10)/(-12090)) prime?
False
Let o(d) = -d**3 - 4*d**2 + 6*d - 16. Is o(-7) composite?
False
Let m(q) = -29*q. Is m(-13) prime?
False
Let t(a) = -3*a - 5. Is t(-8) prime?
True
Suppose 4*k - 189 - 59 = 0. Let d = k + 87. Is d a composite number?
False
Let v(w) = -9*w - 12. Let p(f) = -8*f - 11. Let j(z) = 3*p(z) - 2*v(z). Let h(i) = 6*i + 9. Let y(n) = -2*h(n) - 3*j(n). Is y(10) prime?
False
Suppose -3*a + 10 = -x - 0*a, -5*a = 3*x + 16. Let v = 8 - x. Is v composite?
True
Let t = -233 + 711. Is t a prime number?
False
Let g be 2*((-36)/8)/(-3). Let t = -9 - -15. Suppose -g*h - 1101 = -t*h. Is h prime?
True
Let h(m) = -68*m + 4. Let c be h(-5). Is 1/1 - (-8 - c) prime?
True
Let m = -14 - -29. Is 5/m + 38/3 prime?
True
Suppose -12 = 2*w - 3*w. Suppose w = -s - 2*s. Is 5710/40 - 1/s composite?
True
Suppose d - 2*u - 171 = 241, -4*u = 4*d - 1708. Is d a prime number?
False
Let j be 5 - 2/2 - 0. Suppose -j*v + 2 + 6 = 0, v + 11 = m. Is m a prime number?
True
Suppose -5*q + 5*k + 2475 = 0, -2*q + 3*k + 491 = -q. Is q a prime number?
False
Let o(k) be the third derivative of -55*k**4/24 - 3*k**2. Is o(-1) prime?
False
Suppose 0 = 2*g - 16*g + 41818. Is g prime?
False
Let d(t) = 35*t**2 - 3*t - 3. Is d(-1) composite?
True
Suppose -5*a + 4971 = -4*n, 0 = a + 3*n + n - 975. Is a composite?
False
Suppose 11*k = 374 + 5115. Is k a composite number?
False
Let w(m) = 145*m**2 + 5*m - 3. Is w(5) composite?
True
Let y be (-1)/(-1 - 12/(-15)). Suppose -i + 3 = -4*l, 4*l + 48 - 15 = -y*i. Is (i/2)/(2/(-52)) a prime number?
False
Suppose -4 = -3*f + f. Let g be (-3)/(f + (0 - 3)). Suppose 0 = g*m - 4*z - 69, -4*m - 3*z + 88 = -7*z. Is m a composite number?
False
Let h be (-4)/(-18) + 5356/36. Suppose 0*r + 149 = n - 4*r, -2*r = -n + h. Is n a composite number?
False
Let h(y) = -159*y - 5. Is h(-4) a composite number?
False
Suppose 0 = -2*s + 2*m + 6, 4*s - 2*m + 0 = 8. Suppose -z = -s, 0*c - c = -z - 31. Let q = -13 + c. Is q prime?
True
Let x be (-755)/(((-6)/(-9))/(-2)). Let g = x + -1354. Is g composite?
False
Let o(l) = -1320*l - 1. Is o(-1) a prime number?
True
Let h be (630/25)/(4/30). Is h + ((-1)/1 - -3) composite?
False
Suppose k - 8 + 5 = 0. Suppose 155 + 4 = k*b. Is b a composite number?
False
Let h(n) be the first derivative of 5*n + 3 - 11/2*n**2. Is h(-8) a prime number?
False
Let w(v) = -15*v + 4. Is w(-11) a composite number?
True
Let b(t) = 82*t. Let v be b(4). Let k = 612 - v. Let x = -173 + k. Is x a composite number?
True
Suppose 2*k = r - 2*r, 3*k = 0. Suppose r = 2*y, q + y - 2*y - 4 = 0. Suppose q*c = -3*m + 472, -4*m + m = -12. Is c a prime number?
False
Let u(r) = r + 10. Let w be u(-5). Suppose -w*i + 11 = 1. Is i*11/(-6)*-3 composite?
False
Let u = 5 - 4. Let h be (u/(-1)*0)/(-1). Suppose h = -3*o + 30 + 75. Is o a prime number?
False
Let f(x) = -x**2 + x. Let a be f(0). Suppose -2*d - 11 + 169 = a. Is d composite?
False
Let o(b) = 3*b**3 - 21*b**2 - b + 19. Let a(j) = -j**3 + 10*j**2 + j - 9. Let u(x) = 5*a(x) + 2*o(x). Is u(-7) composite?
True
Is 30/(-2)*3842/(-102) prime?
False
Suppose -2*a + 0*a = -18. Let b be 151/a - 2/(-9). Let z = b + -10. Is z a composite number?
False
Suppose 2*w + 17 = -3*u + 6*w, 0 = -4*w + 20. Let x be u/(-5) + (-4576)/(-55). Suppose c - 38 = x. Is c composite?
True
Suppose 0*w + 265 = 5*w. Is w a prime number?
True
Let t(r) = 24*r - 37. Is t(12) prime?
True
Suppose -4*z + 5*v + 31 = 0, -5*v = -5*z + 37 + 8. Suppose w = z + 41. Is w a prime number?
False
Suppose 8 = 4*o, 5*u - 5*o - 6653 = 35762. Is u composite?
True
Let g = 7 + -5. Suppose 4*f - 3*f + 3*v = 25, g*f = -v + 65. Is f a composite number?
True
Let q be 48/9 + 2/3. Is ((-2)/q)/((-2)/114) a prime number?
True
Is (-1 + 0)/(-3 - 2756/(-919)) composite?
False
Suppose -4*f = -3*x + 188 + 105, 0 = -4*x - 3*f + 374. Is x a composite number?
True
Let x(f) = -4*f**2 + 6*f - 2. Let y(o) = -o**2. Let a(j) = -x(j) + 2*y(j). Let b = -10 - -14. Is a(b) prime?
False
Let y be (-2)/8 - (-139)/(-4). Let p(h) = -h**3 + 5*h**2 + 6*h - 2. Let w be p(6). Let u = w - y. Is u a prime number?
False
Let r = 76 + -42. Suppose -2*k - r = -140. Is k a composite number?
False
Suppose -3*m - z = -3745, -12 + 2 = 5*z. Is m a prime number?
True
Is 3/12 + 23628/16 prime?
False
Suppose -4 = -5*g + g. Let p be (g/(-3))/((-5)/(-30)). Is (-3)/p + 39/2 a prime number?
False
Suppose 0*j = -2*j + 12. Suppose j*l - 452 = 2*l. Is l a composite number?
False
Suppose -4*o + 2*o + 6 = 0. Suppose 0 = o*l - 46 - 71. Is l composite?
True
Let j be 32/(-6) - 4/6. Is (-319)/j - (-2)/(-12) composite?
False
Let o = -1523 - -2446. Is o a prime number?
False
Let j(o) = 17*o + 16. Suppose 4*t = -4*i + t + 53, -t + 47 = 4*i. Is j(i) prime?
False
Let q(h) = 8*h - 7. Let k(a) = -a**2 + 8*a - 8. Let n(v) = -6*k(v) + 5*q(v). Is n(7) prime?
True
Suppose -4*t + 5*i = -13, 2*i = -2*t - 0*i + 2. Suppose d - t = 2. Suppose -d*k + 3*k = -58. Is k a prime number?
False
Let i = 4 + -7. Is (34/(-3) - -1)*i prime?
True
Let u = 1396 - 681. Let f = -74 + u. Is f a prime number?
True
Let r = 147 + -20. Is r prime?
True
Suppose -3*r + t - 3*t = -949, 315 = r + t. Is r a prime number?
False
Let x = -3018 - -4561. Is x a composite number?
False
Let b be 6/(-4) + (-9)/(-6). Suppose s - 39 + 2 = b. Is s a prime number?
True
Let q = -821 - -1490. Suppose 0 = -d - 2*d + q. Is d composite?
False
Let u = -25 - -224. Is u prime?
True
Suppose 273 = 6*m - 3*m. Is m a prime number?
False
Is (-1 + (-11170)/(-15))*3 a composite number?
True
Let m = 282 + 275. Is m a prime number?
True
Suppose -2*i = -2 - 2. Suppose 5*m - 147 = i*m. Let g = m - 35. Is g composite?
True
Let h(c) = -2*c - 6. Let g be h(-5). Let x(z) = -3 + g + 4*z - 2. Is x(2) a composite number?
False
Let s(p) = -71*p**2 + 4*p - 1. Let g be s(3). Is g/(-12) - 2/(-3) a composite number?
False
Suppose 4*c + 9422 = 6*c. Is c a prime number?
False
Is 2/(-5) - 216/(-15) prime?
False
Let y(p) = -p**2 - 3*p + 2. Let b be y(-4). Is 130 + -3*(-2)/b a prime number?
True
Is 5 - (-5 - 296 - 5) composite?
False
Suppose -2*t + 0*t - 122 = -4*b, 33 = b + 2*t. Is b a prime number?
True
Let a = 725 + -516. Is a a prime number?
False
Let b(g) = 23*g + 7. Is b(5) composite?
True
Let x be 87/(-1)*6/(-9). Suppose -x = 4*g - 186. Let a = g - 17. Is a composite?
True
Suppose 4*y - k - 2*k = 9, -5*k = -4*y + 7. Suppose 5*d = 2*m - m - 379, -213 = 3*d + y*m. Is ((-26)/6)/(5/d) prime?
False
Suppose 5*z - 12*z = -24199. Is z prime?
True
Let b = 1334 + -367. Is b a prime number?
True
Let j